the prime factors of w.
2
Let b(t) = -7*t**2 - 3*t**3 + 3*t**3 + t - t**3 + 10. Suppose i - o + 5 = -5, 4*i + 34 = 2*o. List the prime factors of b(i).
3
Let z = 3 - -29. List the prime factors of z.
2
Let m be (8/(-20))/(1/(-10)). Suppose -m*u = -5*u - 2. List the prime factors of (u - -7) + (-1)/(-1).
2, 3
Suppose 0 = 3*i + i + 16, -3*i + 23 = -5*l. Let p = l + 12. Suppose 1 - 61 = -p*j. List the prime factors of j.
2, 3
Let y(z) = z**2 - z + 5. What are the prime factors of y(-4)?
5
What are the prime factors of 47 - ((-3 - -8) + -3)?
3, 5
Let u = 29 - 14. Let c be (25/u)/((-2)/(-6)). Let p = -3 + c. List the prime factors of p.
2
Let s(a) = -a**3 + a**2 - 1. Let v be s(1). Let q = v + 1. Suppose q = -2*k + 5*j + 53 - 4, 0 = -3*k - j + 31. List the prime factors of k.
2, 3
Let z(d) = -7*d**3 - 4*d**2 - d + 7. What are the prime factors of z(-3)?
163
Let x(n) = -2*n - 4. Suppose -2*c = -0*c + 10. Let f be x(c). What are the prime factors of f + (1 - 6/2)?
2
Suppose 0*u + 3*u - 33 = 0. What are the prime factors of u?
11
Let i = 13 - 12. Suppose 4*f - 5*f - 5 = -2*v, 4*v = -5*f + 45. Suppose v*b = i + 39. What are the prime factors of b?
2
Let b(r) = 17 - 4*r - 15 + 0*r**2 + 2*r**2. What are the prime factors of b(3)?
2
What are the prime factors of 66/(2*4/24)?
2, 3, 11
Let u be (-24)/(-30) - (2 + (-22)/10). Let l = 4 + -6. List the prime factors of l/(-2) + u + 17.
19
Let t be ((-4)/3)/((-6)/9). Suppose 0 = t*o - 7*o + 10. List the prime factors of o.
2
Suppose b - 82 = -4*a + 7*a, 0 = -2*b - 2*a + 156. What are the prime factors of b?
79
Suppose -2*i = -a - 0*i - 3, 2 = -3*a - i. Let q = a - -19. List the prime factors of q.
2, 3
Suppose m + 4*m + 14 = -3*z, 5*m + 28 = 4*z. Suppose 7 + z = 3*h. List the prime factors of -9*3/((-9)/h).
3
Suppose -3*p + 2 = -37. Suppose 2*u + 4 = 14. Let t = p + u. What are the prime factors of t?
2, 3
Suppose 0 = z + 4 + 2. Let a be (z/(-9) - 0)*21. Suppose 0 = f - 2*r - a, 5*f - 4 = f - 5*r. List the prime factors of f.
2, 3
Suppose 0 = -2*l + 2. Let w = 3 - l. Suppose -4*y - 4*x = -9 - 15, 4*y - w*x = 42. List the prime factors of y.
3
Suppose -12 = 3*v - j - 44, -5*v - j = -40. Suppose 4 = -v*l + 10*l. List the prime factors of l.
2
Let q = -8 - -13. Suppose -2*j + 4*n = 14, -4*j + q*j + 8 = n. List the prime factors of ((-3)/(-1))/j*-6.
2
Suppose 2*y = -3*y. Suppose y = -0*g - g + 8. List the prime factors of g.
2
Let y(f) = f**3 + 9*f**2 - 10*f - 7. List the prime factors of y(-9).
83
Suppose 3*a + w + 0*w + 44 = 0, 0 = 4*a - 2*w + 52. Let s = 13 - a. List the prime factors of s.
3
Let w = 6 + -3. Suppose -u + 22 = -w*u. Let p = u + 21. What are the prime factors of p?
2, 5
Let m(l) = -l**3 + 6*l**2 + 5. Let c = 16 - 10. What are the prime factors of m(c)?
5
Let x(h) = -4*h**2 + h + 3*h**2 - 3*h**2 + 2*h**2 + 15*h**3. What are the prime factors of x(1)?
2, 7
Let r be (-1)/((-14)/16 + 1). Let v be (-50)/8 + (-2)/r. What are the prime factors of -1*(v + 1/1)?
5
Let m = 9 + -5. Suppose d - 35 = -m*d. What are the prime factors of d?
7
Let i = 100 - 144. Let b = -15 - i. List the prime factors of b.
29
Let z = 58 - 35. What are the prime factors of z?
23
Suppose -4*h + 36 = -h. Suppose -3*l = -0*l + h. List the prime factors of (l/(-12))/((-3)/(-63)).
7
Suppose 2*u + u = j + 52, 2*j + 3*u + 140 = 0. Let o = j + 90. List the prime factors of o.
2, 13
Let p = -4 + 10. List the prime factors of (75/(-5))/(p/(-4)).
2, 5
Suppose o = -0*o + 5. Let h(a) = a**3 - a**2. Let m be h(2). Suppose -o*l + 3*l + 32 = -4*r, 0 = -l - m*r - 2. What are the prime factors of l?
2, 5
Let l(t) = -t**3 - t**2 - t + 3. Suppose 0 = -0*q - q. Let i be l(q). List the prime factors of 11 - ((-4)/2 + i).
2, 5
Let x = -42 - -81. Let f = -23 + x. What are the prime factors of f?
2
Let d = -11 + 5. Let g = d - -13. List the prime factors of g.
7
Let i(y) = 4 + 0*y - 2 + 1 + 3*y. List the prime factors of i(3).
2, 3
Suppose 0 = -3*j - 39 + 15. Let w(m) = -m**2 - 10*m + 1. List the prime factors of w(j).
17
Let l(o) = -o**3 + 4*o**2 + 12*o + 12. List the prime factors of l(6).
2, 3
List the prime factors of (18/15*-2)/(6/(-20)).
2
Let m = -2 - -1. Let x be -1*(-1 + 2 + -1). What are the prime factors of -2 - m - (-3 + x)?
2
Let w be ((-5)/(5/(-6)))/2. Let t = w + -1. List the prime factors of t.
2
Let t be 1212/(-9) - 3/9. List the prime factors of (t/6)/(-1)*2.
3, 5
Suppose l + 0*l + 64 = -x, 0 = 3*l + 2*x + 196. Let b = -47 - l. What are the prime factors of (-6)/b - (-258)/21?
2, 3
Let v(x) be the second derivative of -x**5/20 - x**4/6 - x**2/2 + x. List the prime factors of v(-4).
31
Suppose -4*k = 2*g - 28, -5*g + 2*g = -k. Let c be (0 + -1)*(k - 8). Let h = 4 + c. List the prime factors of h.
2, 3
Let j = -89 + 174. What are the prime factors of j?
5, 17
Let u = -1957 + 1267. Let d be 2/(-9) + u/54. Let f = d - -21. List the prime factors of f.
2
Let p be 5*(0 - -1)*1. Let t be (6/p)/(3/(-15)). Let y = 13 + t. List the prime factors of y.
7
Let u be -3 + -3 - 0/1. Let v(y) = y**2 + 5*y + 2. Let b be v(u). Let l(c) = 3*c - 7. What are the prime factors of l(b)?
17
Let j(r) = -r**3 - 11*r**2 - 2*r + 14. What are the prime factors of j(-11)?
2, 3
List the prime factors of (-2)/((3 - 4) + 3)*-135.
3, 5
Let f = 23 + -20. List the prime factors of 1*10 + f + 0.
13
Let d(r) = -5*r**3 - 2*r**2 - r. Let p be d(-1). Suppose 4*i = -0*k + 5*k + 216, -5*i = 4*k - 229. Suppose i = p*n + 17. What are the prime factors of n?
2
Let g = -273 - -457. What are the prime factors of g?
2, 23
Let o(a) = 27*a - 80. What are the prime factors of o(5)?
5, 11
Let w(c) = c**2 + 3. List the prime factors of w(-7).
2, 13
Let c be 26/(-10) - (-2)/(-5). Suppose h - 2 = 3*o + 35, 0 = -4*o - 5*h - 24. Let m = c - o. List the prime factors of m.
2
Let c = 8 - 6. Let v(f) = f + c*f**2 - 2 + 5*f - 4*f. List the prime factors of v(-3).
2, 5
Let q = -36 + 46. What are the prime factors of q?
2, 5
Suppose 0 = 2*q + u - 3*u - 10, 0 = -4*q + 2*u + 10. Suppose q = 5*o - 30 - 25. List the prime factors of o.
11
Suppose -3*p = -2*z - 68, -56 = -2*p - 0*z + 4*z. List the prime factors of p.
2, 5
Let x(r) = -6*r**3 - 2*r**2 + 1. Let d(z) = z + z**3 + 3*z**2 - 2*z**2 + 0*z**2. Let k be d(-1). What are the prime factors of x(k)?
5
Suppose -5*k = -0*k - 415. List the prime factors of k.
83
Suppose -301 = -3*w - 97. List the prime factors of w.
2, 17
Let b(k) = k - 3. Let q be b(8). Suppose -3*v + 0 = 5*z - q, 5*z - v = 25. Suppose -z*f + 50 = -3*w, -6*f + 2*f - 4*w = -64. What are the prime factors of f?
2, 7
Let l = 7 + -11. What are the prime factors of -46*2*l/16?
23
Let r(p) = -86*p. Suppose 6*i = i - 5. Let c be r(i). Suppose -c = -4*t - 34. What are the prime factors of t?
13
Let f = -6 - -8. Suppose f*c + 22 = r - 22, -12 = 4*c. List the prime factors of r.
2, 19
Let i(f) = -6*f**3 - 2*f**2 + f - 3. List the prime factors of i(-3).
2, 3, 23
Let x(c) = c**2 - 3*c - 4. Let w(o) = 7*o + 0 - 2 + 1 - o**2. Let u be w(6). List the prime factors of x(u).
2, 3
Suppose -5*c - 2*r = -1 - 14, 24 = -c + 5*r. Let y = -2 + c. Let s(b) = 4*b**2 - b. What are the prime factors of s(y)?
5
Let f(p) = p**3 - 4*p**2 + 5*p - 4. Let b be f(3). Let m = -2 - b. What are the prime factors of ((-4)/(-6))/(m/(-30))?
5
List the prime factors of (-2)/3*-6 - -25.
29
Let k(o) = 3*o - 15. Let u be k(7). Suppose u*h - 192 = 2*h. List the prime factors of h.
2, 3
List the prime factors of (-4)/(-18) + 1382/18 + -2.
3, 5
Let n = 325 - 183. What are the prime factors of n?
2, 71
Let j = 3 + -3. What are the prime factors of 2 + (j - -9 - 2)?
3
Suppose 59 + 21 = 4*m. What are the prime factors of m?
2, 5
Let t = 268 - 155. List the prime factors of t.
113
Suppose 0 = -b - 5*a + 132 + 26, 3*a = -5*b + 702. What are the prime factors of b?
2, 3, 23
Let v(m) = m**3 + 17*m**2 - 23*m - 14. List the prime factors of v(-18).
2, 19
What are the prime factors of ((-16)/10)/((-11)/55)?
2
Let m(r) = r + 10. Let x be m(-10). List the prime factors of x - (-4 + 1 + -2).
5
Suppose 0 = 3*g + 12*g - 4620. What are the prime factors of g?
2, 7, 11
Suppose 8 = -2*r - 5*b + 23, 5*r + 3*b - 9 = 0. Let h(u) = u + 5*u**2 - u**3 + 9*u**2 - 14*u**2 + 18. List the prime factors of h(r).
2, 3
Suppose 2*d - 195 = 125. List the prime f